e
Is 41746275509 prime?
False
Is 5696287729 a prime number?
False
Is 9817941353 a composite number?
True
Is 16311897383 prime?
False
Is 2002704787 prime?
True
Is 15410662339 a prime number?
False
Is 70142339 a prime number?
False
Is 473750441 prime?
False
Is 4026331267 a composite number?
True
Is 45702897683 prime?
False
Is 5651275661 prime?
True
Is 22906421 a prime number?
False
Is 2635194613 a prime number?
True
Is 10685790149 prime?
True
Is 355117781 prime?
False
Is 102580433 a composite number?
True
Is 110415457 prime?
True
Is 1195881383 composite?
True
Is 1406330183 prime?
True
Is 14017047799 a prime number?
True
Is 3498154059 prime?
False
Is 3556516673 prime?
True
Is 11177600831 a composite number?
False
Is 5327312689 a composite number?
False
Is 22213270759 a prime number?
False
Is 4351363417 prime?
False
Is 135792229 a composite number?
True
Is 754003 a prime number?
True
Is 2409842299 a composite number?
False
Is 52382573 prime?
False
Is 19027735 prime?
False
Is 89431907 prime?
True
Is 396186529 a prime number?
True
Is 668961974 prime?
False
Is 437321491 a prime number?
False
Is 4450811657 a prime number?
False
Is 34772555843 a prime number?
True
Is 4643126833 a prime number?
False
Is 38473841051 a prime number?
True
Is 14900624819 a composite number?
True
Is 57406889 composite?
True
Is 1747773701 prime?
False
Is 4186394593 composite?
True
Is 35659688369 a prime number?
True
Is 38988346723 a prime number?
True
Is 481136237 composite?
False
Is 40601591 a composite number?
False
Is 6926523589 prime?
False
Is 14674585567 a composite number?
True
Is 2536367923 composite?
False
Is 38934269167 prime?
False
Is 775648463 composite?
False
Is 6537595931 a prime number?
True
Is 2339422465 prime?
False
Is 16012331249 prime?
True
Is 4651214699 composite?
True
Is 13100447281 a composite number?
False
Is 329877465611 prime?
True
Is 36997115087 a prime number?
True
Is 1125657427 prime?
False
Is 1458870863 a composite number?
True
Is 44269801 a prime number?
True
Is 303134371 prime?
False
Is 6136255149 a prime number?
False
Is 4571279023 composite?
False
Is 71184371071 composite?
True
Is 1565534039 prime?
False
Is 8308718647 prime?
True
Is 362908087 a composite number?
False
Is 199872521645 composite?
True
Is 37179119651 prime?
True
Is 32082220697 composite?
True
Is 1947770102 a composite number?
True
Is 12182171921 a composite number?
False
Is 837199393 a composite number?
True
Is 75531716143 composite?
True
Is 14648406697 a composite number?
False
Is 268067183 a prime number?
False
Is 14438545599 prime?
False
Is 8359434638 composite?
True
Is 15874481939 a composite number?
False
Is 821175899 composite?
False
Is 16457818691 a prime number?
False
Is 86561040403 a composite number?
False
Is 8494789865 a prime number?
False
Is 10909863113 composite?
True
Is 4969497857 a prime number?
False
Is 1411791189 a composite number?
True
Is 11798083579 a composite number?
True
Is 13959387151 a prime number?
True
Is 92402263453 a composite number?
True
Is 17944583689 prime?
True
Is 96399791 a composite number?
False
Is 991217809 composite?
False
Is 26530693727 a prime number?
True
Is 21923546789 a composite number?
True
Is 9736779817 a composite number?
False
Is 3059176459 prime?
True
Is 1392231601 a composite number?
False
Is 1908698269 a prime number?
True
Is 36531916931 a prime number?
True
Is 1148450129 a prime number?
True
Is 80343869 prime?
False
Is 38107769387 a prime number?
False
Is 1079290189 composite?
False
Is 23843625709 composite?
False
Is 154942107679 prime?
True
Is 4188673927 prime?
False
Is 27030368927 a composite number?
False
Is 908450167 prime?
True
Is 41944134013 prime?
False
Is 7565078783 composite?
True
Is 1950725521 prime?
True
Is 54405973667 prime?
True
Is 8240942813 prime?
True
Is 5307264257 a prime number?
False
Is 489282803 a composite number?
True
Is 403702999 a prime number?
False
Is 196804343 a composite number?
False
Is 27922223513 a composite number?
True
Is 1782627727 a composite number?
True
Is 340532173 prime?
False
Is 270468799 prime?
False
Is 340933067 a composite number?
False
Is 3541018853 a prime number?
False
Is 130293860215 prime?
False
Is 58853214886 a prime number?
False
Is 897402019 a composite number?
False
Is 59113514067 a composite number?
True
Is 4758332959 prime?
True
Is 1305351701 a prime number?
True
Is 14081923 composite?
False
Is 1569820123 composite?
True
Is 110116319 a prime number?
True
Is 3701901739 a prime number?
True
Is 3671974613 composite?
False
Is 7951072387 composite?
False
Is 15421093 a prime number?
True
Is 34106339353 prime?
True
Is 2160677443 a composite number?
False
Is 73157989 prime?
False
Is 209488723 a prime number?
False
Is 9626112383 a composite number?
True
Is 135895919491 a prime number?
False
Is 937685789 a prime number?
True
Is 23156268167 a composite number?
True
Is 3415887833 a composite number?
False
Is 29775637273 composite?
True
Is 2707011413 composite?
False
Is 60449471 prime?
False
Is 26249123 prime?
True
Is 7683956323 a prime number?
True
Is 209356573933 composite?
True
Is 53664901451 composite?
True
Is 4382151407 a composite number?
False
Is 694329843 a composite number?
True
Is 6366332213 a prime number?
False
Is 50269237 prime?
False
Is 340661159 prime?
False
Is 42202228699 composite?
True
Is 83190681971 prime?
True
Is 8853653918 a prime number?
False
Is 2898981229 a prime number?
True
Is 15158405491 a prime number?
True
Is 1823880259 a composite number?
False
Is 165921257 a composite number?
True
Is 8083720349 a composite number?
False
Is 74019573917 composite?
True
Is 62360518443 a composite number?
True
Is 3500442983 a prime number?
False
Is 229416973 prime?
False
Is 2003231185 prime?
False
Is 23972157541 prime?
False
Is 4445635313 a prime number?
False
Is 375430359 a composite number?
True
Is 11802191551 composite?
False
Is 10034675647 prime?
False
Is 42440979467 prime?
True
Is 4065521087 prime?
False
Is 9859733561 prime?
True
Is 3075711511 a composite number?
False
Is 761167339 prime?
False
Is 13341794503 a composite number?
False
Is 3372694581 composite?
True
Is 11349461219 a prime number?
True
Is 275333041 a composite number?
True
Is 1354888637 a composite number?
False
Is 664145561 a composite number?
False
Is 307601522 composite?
True
Is 345956453 composite?
True
Is 47753744281 prime?
True
Is 1597637357 composite?
False
Is 172405041701 a composite number?
True
Is 132780391 composite?
True
Is 115515431 a prime number?
True
Is 649807451 a prime number?
False
Is 5281769873 a composite number?
True
Is 112916659 a composite number?
True
Is 4141828727 a prime number?
True
Is 1454747993 prime?
True
Is 850266587 prime?
False
Is 8089132971 a prime number?
False
Is 146105873 composite?
True
Is 8795425673 a composite number?
True
Is 29384543774 prime?
False
Is 783478043 a composite number?
True
Is 28635577123 prime?
False
Is 11005605047 a composite number?
True
Is 228741367 a composite number?
True
Is 6875709487 a composite number?
True
Is 420796769 composite?
False
Is 7783669273 a prime number?
True
Is 867639119 a composite number?
False
Is 218265191 composite?
False
Is 11973964127 prime?
False
Is 28558969 a prime number?
False
Is 148743005 prime?
False
Is 80378676187 a composite number?
False
Is 273742967 a composite number?
False
Is 241014139573 a composite number?
False
Is 106706591767 composite?
False
Is 274677101 composite?
False
Is 7773121007 composite?
False
Is 9972502879 composite?
False
Is 163658918147 composite?
False
Is 338352697 composite?
False
Is 16780175959 prime?
False
Is 22047031749 composite?
True
Is 71166373 a prime number?
False
Is 59411706253 a composite number?
False
Is 110280567931 composite?
False
Is 213729032549 composite?
False
Is 46222755977 composite?
False
Is 3784952219 prime?
True
Is 6622818871 a prime number?
True
Is 491781113 composite?
True
Is 33329588471 composite?
False
Is 12743809589 prime?
False
Is 35259005863 a composite number?
True
Is 11488715782 composite?
True
Is 87599046763 composite?
False
Is 310917643 a composite number?
True
Is 6652321419 prime?
False
Is 2464906601 a prime number?
True
Is 36234512527 composite?
True
Is 17703254071 composite?
False
Is 514370399 a prime number?
True
Is 9619900931 a composite number?
True
Is 11